5336
In base 15, what is -5 + -5048?
-504d
In base 4, what is 10 + 3002323?
3002333
In base 3, what is 12 + -102202112020?
-102202112001
In base 16, what is -160 + 5a2?
442
In base 2, what is 100110010100011 - -110?
100110010101001
In base 15, what is -4ba8 - -2e?
-4b79
In base 12, what is 3b9b + -16?
3b85
In base 16, what is -10 + -a7?
-b7
In base 6, what is 35 + 42500?
42535
In base 11, what is -186 + 68?
-119
In base 11, what is a0 + -175?
-85
In base 9, what is -1477 - 100?
-1577
In base 4, what is -220 - 10021301?
-10022121
In base 2, what is 10010 + -1010100000110001?
-1010100000011111
In base 9, what is -42 - -2041?
1888
In base 11, what is -26a863 + 5?
-26a859
In base 5, what is -10100 + 344212?
334112
In base 10, what is 1165501 - -2?
1165503
In base 2, what is 1010 + -1011110101?
-1011101011
In base 6, what is 133134 - -5?
133143
In base 5, what is 332442 - 34?
332403
In base 3, what is 2220 + 110010?
120000
In base 7, what is -5 + -543410?
-543415
In base 14, what is 4cd - -15?
504
In base 6, what is 12534 + -55?
12435
In base 12, what is 91994 - 17?
91979
In base 6, what is -32514 - 152?
-33110
In base 7, what is 134 - 124?
10
In base 5, what is -240 - 114?
-404
In base 12, what is -3 + 705a?
7057
In base 3, what is -10 + 2221122000?
2221121220
In base 12, what is 614 - 30?
5a4
In base 7, what is 631540 + -2?
631535
In base 2, what is -100100 - -100101110011?
100101001111
In base 9, what is -72071 + 1?
-72070
In base 2, what is -111011101000101111101 + -100?
-111011101000110000001
In base 10, what is -119 - -73021?
72902
In base 11, what is -1381 + 7?
-1375
In base 9, what is 16015 + -16?
15888
In base 15, what is -1335d - -3?
-1335a
In base 16, what is -a9c + 1?
-a9b
In base 4, what is 20001 + 103?
20110
In base 3, what is 202112121001 - -1?
202112121002
In base 11, what is 2 + 70461?
70463
In base 16, what is -338 + -25a?
-592
In base 8, what is -2503 - 20?
-2523
In base 7, what is -560 - 20?
-610
In base 10, what is 30 - 23031?
-23001
In base 6, what is 4 + 25032352?
25032400
In base 6, what is 2511 + 53?
3004
In base 6, what is -13303 + 51?
-13212
In base 14, what is 1 + -2cd5?
-2cd4
In base 4, what is -122 - 33232300?
-33233022
In base 10, what is -30 + 42750?
42720
In base 14, what is -518 + 4?
-514
In base 14, what is 193449 + 1?
19344a
In base 13, what is -2b089c + 4?
-2b0898
In base 8, what is 162 - -1451?
1633
In base 9, what is 204708 - -36?
204745
In base 14, what is 534b - -1?
534c
In base 15, what is -1 + 5ab0?
5aae
In base 11, what is 375 + -22a?
146
In base 13, what is -11 + 1b6a?
1b59
In base 11, what is 782 + -5a?
723
In base 12, what is 1038125 + 5?
103812a
In base 3, what is -1022 - -121202102?
121201010
In base 6, what is 0 + 110132?
110132
In base 5, what is -100100 - -210?
-44340
In base 15, what is 8 + 1006?
100e
In base 9, what is -1703 - -711?
-882
In base 9, what is 2 + -3281?
-3278
In base 4, what is -12 + 30113000?
30112322
In base 5, what is 104 + 12304020?
12304124
In base 3, what is -102110200102 + -1?
-102110200110
In base 6, what is 14 - 114431?
-114413
In base 2, what is -11 + -10000111011000?
-10000111011011
In base 4, what is -1122 + 1210211?
1203023
In base 7, what is -1 - -10620614?
10620613
In base 6, what is 30 - -152411?
152441
In base 14, what is -1aca7 - -2?
-1aca5
In base 4, what is -11030 + 11030?
0
In base 11, what is -5 + -2a0541?
-2a0546
In base 9, what is 4 - 120840?
-120835
In base 3, what is -100211101 - 1021?
-100212122
In base 11, what is -40 + 78a3?
7863
In base 5, what is -242 + 111440?
111143
In base 10, what is 132735 - -4?
132739
In base 4, what is 3212200 + 12?
3212212
In base 5, what is -121 - -1110?
434
In base 12, what is 3252 - 157?
30b7
In base 14, what is 1a59 - -58?
1ab3
In base 10, what is -229616 + -1?
-229617
In base 13, what is -b22b4 + -3?
-b22b7
In base 5, what is 102 - -20334?
20441
In base 5, what is -2201 - 2231?
-4432
In base 16, what is 76 + c9?
13f
In base 8, what is -260 + -254?
-534
In base 4, what is 2 - 20023010?
-20023002
In base 6, what is -245211 + 143?
-245024
In base 12, what is 19 + 659?
676
In base 14, what is -1588 - -24?
-1564
In base 11, what is 1213a - -31?
12170
In base 11, what is 251262 - 2?
251260
In base 6, what is 53423 + -1?
53422
In base 9, what is 6548 - -2?
6551
In base 14, what is -2828 - -14?
-2814
In base 12, what is -348a72 + -3?
-348a75
In base 2, what is -100001000011111101 - 100?
-100001000100000001
In base 2, what is 10000110111001100 - 11?
10000110111001001
In base 3, what is -211000001221102 - 11?
-211000001221120
In base 10, what is 1 + 183540?
183541
In base 13, what is 81 + -1739?
-1688
In base 9, what is 15426 - -74?
15511
In base 14, what is -15d2 - -2?
-15d0
In base 5, what is -221 + 3401213?
3400442
In base 16, what is 246f5 + -3?
246f2
In base 9, what is -40177 - 16?
-40204
In base 11, what is -7aa8 + 0?
-7aa8
In base 4, what is -22033 - 23?
-22122
In base 2, what is -101 - 101011111000010?
-101011111000111
In base 11, what is -4 - 29878?
-29881
In base 15, what is 6db - 10?
6cb
In base 10, what is -244 + 84?
-160
In base 11, what is -6158 + 8a?
-6079
In base 4, what is 2210031 - -11?
2210102
In base 12, what is 36a1b - -28?
36a47
In base 16, what is 24b20 + 3?
24b23
In base 3, what is -110102001212 - 2?
-110102001221
In base 2, what is -11011010100001100111 - 0?
-11011010100001100111
In base 14, what is 14 + -120?
-10a
In base 13, what is 2773 - 13?
2760
In base 11, what is -2 + 7495?
7493
In base 16, what is 11fc + -3d?
11bf
In base 3, what is 11202002012210 + -2?
11202002012201
In base 14, what is -3 + -bd3b?
-bd40
In base 12, what is 11320 + 5?
11325
In base 6, what is 121204 + 10?
121214
In base 3, what is 2 - 1002121110222?
-1002121110220
In base 11, what is -789821 + 0?
-789821
In base 5, what is -40413331 - 13?
-40413344
In base 7, what is 142600 + 0?
142600
In base 9, what is -315 - -18283?
17867
In base 2, what is -101101000 - -1111000011?
1001011011
In base 13, what is 56 - 950?
-8c7
In base 13, what is -2 - -847b8?
847b6
In base 14, what is 11 - 4707?
-46d6
In base 7, what is -1211 - -6?
-1202
In base 7, what is -4206 + 25?
-4151
In base 6, what is -115 + 14344?
14225
In base 4, what is 303003311 + -3?
303003302
In base 14, what is -4 + -3a14?
-3a18
In base 8, what is 5 - -1172315?
1172322
In base 11, what is -232a9 - -6?
-232a3
In base 6, what is -44 - 30153?
-30241
In base 12, what is 459 - -145?
5a2
In base 6, what is -324 - 1341?
-2105
In base 13, what is -3224 - -267?
-2c8a
In base 2, what is -10100100000 - 100111?
-10101000111
In base 15, what is 1 + -1234?
-1233
In base 5, what is 33122 - -411?
34033
In base 11, what is -7 + 374a?
3743
In base 8, what is -141065 - 76?
-141163
In base 9, what is -2 + -1834?
-1836
In base 16, what is 3ac0 - 3?
3abd
In base 8, what is -2061656 + -1?
-2061657
In base 8, what is -2 - 7636?
-7640
In base 3, what is -122 - 2100110022?
-2100110221
In base 11, what is -5 - 378?
-382
In base 13, what is -711 + -100?
-811
In base 3, what is -102100222 + 20?
-102100202
In base 16, what is 15 - 322e?
-3219
In base 9, what is 4355 + -363?
3882
In base 8, what is -5 + -20375?
-20402
In base 15, what is 63d9de - -1?
63d9e0
In base 13, what is -126a11 - 2?
-126a13
In base 13, what is -5 - -4b4?
4ac
In base 9, what is 1107 - 1457?
-350
In base 4, what is 11 + 310331310?
310331321
In base 13, what is b42 + 41?
b83
In base 6, what is 1135415 + 31?
1135450
In base 11, what is 4a226 - 3?
4a223
In base 14, what is -b4715 + -2?
-b4717
In base 6, what is 1152 - -2513?
4105
In base 7, what is 13 - -56661?
60004
In base 11, what is -240 + -63?
-2a3
In base 5, what is 300101 - -4?
300110
In base 2, what is 10010000100 - -1011010111?
11101011011
In base 9, what is -15754 + 7?
-15746
In base 4, what is 11211001 - -10?
11211011
In base 11, what is 3661429 - -4?
3661432
In base 8, what is 467 - -7264?
7753
In base 14, what is -2 + 10498?
10496
In base 11, what is 3 + -3819?
-3816
In base 13, what is 104 - 90?
44
In base 11, what is 1145 + 11?
1156
In base 10, what is -26 + -24943?
-24969
In base 4, what is 20223201331 - 2?
20223201323
In base 10, what is 406729 - 3?
406726
In base 11, what is 12 - 1156?
-1144
In base 4, what is 2 - -10022?
10030
In base 3, what is 1 - -2111110?
2111111
